{"id":18,"date":"2025-07-08T18:17:18","date_gmt":"2025-07-08T16:17:18","guid":{"rendered":"http:\/\/prova1.despatxsansa.com\/?page_id=18"},"modified":"2025-07-08T18:17:18","modified_gmt":"2025-07-08T16:17:18","slug":"inici","status":"publish","type":"page","link":"http:\/\/prova1.despatxsansa.com\/","title":{"rendered":"Inici"},"content":{"rendered":"\n<p>Us donem la benvinguda al lloc web! Aquesta \u00e9s la vostra p\u00e0gina d&#8217;inici, que \u00e9s el que la majoria d&#8217;usuaris veuran quan arriben al vostre lloc per primera vegada.<\/p>\n","protected":false},"excerpt":{"rendered":"<p>Us donem la benvinguda al lloc web! Aquesta \u00e9s la vostra p\u00e0gina d&#8217;inici, que \u00e9s el que la majoria d&#8217;usuaris veuran quan arriben al vostre lloc per primera vegada.<\/p>\n","protected":false},"author":1,"featured_media":0,"parent":0,"menu_order":0,"comment_status":"closed","ping_status":"closed","template":"","meta":{"footnotes":""},"categories":[],"tags":[],"class_list":["post-18","page","type-page","status-publish","hentry"],"yoast_head":"<!-- This site is optimized with the Yoast SEO plugin v25.4 - https:\/\/yoast.com\/wordpress\/plugins\/seo\/ -->\n<title>Inici - Despatx Sansa<\/title>\n<meta name=\"robots\" content=\"noindex, follow, max-snippet:-1, max-image-preview:large, max-video-preview:-1\" \/>\n<meta property=\"og:locale\" content=\"ca_ES\" \/>\n<meta property=\"og:type\" content=\"article\" \/>\n<meta property=\"og:title\" content=\"Inici - Despatx Sansa\" \/>\n<meta property=\"og:description\" content=\"Us donem la benvinguda al lloc web! Aquesta \u00e9s la vostra p\u00e0gina d&#8217;inici, que \u00e9s el que la majoria d&#8217;usuaris veuran quan arriben al vostre lloc per primera vegada.\" \/>\n<meta property=\"og:url\" content=\"http:\/\/prova1.despatxsansa.com\/\" \/>\n<meta property=\"og:site_name\" content=\"Despatx Sansa\" \/>\n<meta name=\"twitter:card\" content=\"summary_large_image\" \/>\n<script type=\"application\/ld+json\" class=\"yoast-schema-graph\">{\"@context\":\"https:\/\/schema.org\",\"@graph\":[{\"@type\":\"WebPage\",\"@id\":\"http:\/\/prova1.despatxsansa.com\/\",\"url\":\"http:\/\/prova1.despatxsansa.com\/\",\"name\":\"Inici - Despatx Sansa\",\"isPartOf\":{\"@id\":\"http:\/\/prova1.despatxsansa.com\/#website\"},\"datePublished\":\"2025-07-08T16:17:18+00:00\",\"breadcrumb\":{\"@id\":\"http:\/\/prova1.despatxsansa.com\/#breadcrumb\"},\"inLanguage\":\"ca\",\"potentialAction\":[{\"@type\":\"ReadAction\",\"target\":[\"http:\/\/prova1.despatxsansa.com\/\"]}]},{\"@type\":\"BreadcrumbList\",\"@id\":\"http:\/\/prova1.despatxsansa.com\/#breadcrumb\",\"itemListElement\":[{\"@type\":\"ListItem\",\"position\":1,\"name\":\"Inici\",\"item\":\"http:\/\/prova1.despatxsansa.com\/\"},{\"@type\":\"ListItem\",\"position\":2,\"name\":\"Inici\"}]},{\"@type\":\"WebSite\",\"@id\":\"http:\/\/prova1.despatxsansa.com\/#website\",\"url\":\"http:\/\/prova1.despatxsansa.com\/\",\"name\":\"Despatx Sansa\",\"description\":\"Juristes des de 1895\",\"potentialAction\":[{\"@type\":\"SearchAction\",\"target\":{\"@type\":\"EntryPoint\",\"urlTemplate\":\"http:\/\/prova1.despatxsansa.com\/?s={search_term_string}\"},\"query-input\":{\"@type\":\"PropertyValueSpecification\",\"valueRequired\":true,\"valueName\":\"search_term_string\"}}],\"inLanguage\":\"ca\"}]}<\/script>\n<!-- \/ Yoast SEO plugin. -->","yoast_head_json":{"title":"Inici - Despatx Sansa","robots":{"index":"noindex","follow":"follow","max-snippet":"max-snippet:-1","max-image-preview":"max-image-preview:large","max-video-preview":"max-video-preview:-1"},"og_locale":"ca_ES","og_type":"article","og_title":"Inici - Despatx Sansa","og_description":"Us donem la benvinguda al lloc web! Aquesta \u00e9s la vostra p\u00e0gina d&#8217;inici, que \u00e9s el que la majoria d&#8217;usuaris veuran quan arriben al vostre lloc per primera vegada.","og_url":"http:\/\/prova1.despatxsansa.com\/","og_site_name":"Despatx Sansa","twitter_card":"summary_large_image","schema":{"@context":"https:\/\/schema.org","@graph":[{"@type":"WebPage","@id":"http:\/\/prova1.despatxsansa.com\/","url":"http:\/\/prova1.despatxsansa.com\/","name":"Inici - Despatx Sansa","isPartOf":{"@id":"http:\/\/prova1.despatxsansa.com\/#website"},"datePublished":"2025-07-08T16:17:18+00:00","breadcrumb":{"@id":"http:\/\/prova1.despatxsansa.com\/#breadcrumb"},"inLanguage":"ca","potentialAction":[{"@type":"ReadAction","target":["http:\/\/prova1.despatxsansa.com\/"]}]},{"@type":"BreadcrumbList","@id":"http:\/\/prova1.despatxsansa.com\/#breadcrumb","itemListElement":[{"@type":"ListItem","position":1,"name":"Inici","item":"http:\/\/prova1.despatxsansa.com\/"},{"@type":"ListItem","position":2,"name":"Inici"}]},{"@type":"WebSite","@id":"http:\/\/prova1.despatxsansa.com\/#website","url":"http:\/\/prova1.despatxsansa.com\/","name":"Despatx Sansa","description":"Juristes des de 1895","potentialAction":[{"@type":"SearchAction","target":{"@type":"EntryPoint","urlTemplate":"http:\/\/prova1.despatxsansa.com\/?s={search_term_string}"},"query-input":{"@type":"PropertyValueSpecification","valueRequired":true,"valueName":"search_term_string"}}],"inLanguage":"ca"}]}},"_links":{"self":[{"href":"http:\/\/prova1.despatxsansa.com\/index.php?rest_route=\/wp\/v2\/pages\/18","targetHints":{"allow":["GET"]}}],"collection":[{"href":"http:\/\/prova1.despatxsansa.com\/index.php?rest_route=\/wp\/v2\/pages"}],"about":[{"href":"http:\/\/prova1.despatxsansa.com\/index.php?rest_route=\/wp\/v2\/types\/page"}],"author":[{"embeddable":true,"href":"http:\/\/prova1.despatxsansa.com\/index.php?rest_route=\/wp\/v2\/users\/1"}],"replies":[{"embeddable":true,"href":"http:\/\/prova1.despatxsansa.com\/index.php?rest_route=%2Fwp%2Fv2%2Fcomments&post=18"}],"version-history":[{"count":1,"href":"http:\/\/prova1.despatxsansa.com\/index.php?rest_route=\/wp\/v2\/pages\/18\/revisions"}],"predecessor-version":[{"id":26,"href":"http:\/\/prova1.despatxsansa.com\/index.php?rest_route=\/wp\/v2\/pages\/18\/revisions\/26"}],"wp:attachment":[{"href":"http:\/\/prova1.despatxsansa.com\/index.php?rest_route=%2Fwp%2Fv2%2Fmedia&parent=18"}],"wp:term":[{"taxonomy":"category","embeddable":true,"href":"http:\/\/prova1.despatxsansa.com\/index.php?rest_route=%2Fwp%2Fv2%2Fcategories&post=18"},{"taxonomy":"post_tag","embeddable":true,"href":"http:\/\/prova1.despatxsansa.com\/index.php?rest_route=%2Fwp%2Fv2%2Ftags&post=18"}],"curies":[{"name":"wp","href":"https:\/\/api.w.org\/{rel}","templated":true}]}}